8*w + 12*w = -7*h + 1272. What is the highest common factor of 675 and h?
45
Let g = 1 + 1. Let v(j) = 2*j + 80. Let a be v(28). Let x = a - 133. What is the highest common factor of x and g?
1
Suppose -5*p - 12 = -2*q + 14, 3*q = -4*p - 30. Let j = 21 + p. Suppose -4*r - 4*n = -52, 12 - 41 = -r - 5*n. Calculate the highest common factor of j and r.
3
Let b be (232/6)/(60/855). What is the greatest common divisor of b and 95?
19
Suppose -1759 = -q - s, 5*s + 8755 = -q + 6*q. Let c = 3190 - q. Calculate the highest common divisor of c and 35.
35
Suppose 4*l = 5*o - 3010, 0 = 5*o + 13*l - 18*l - 3010. Calculate the highest common divisor of 70 and o.
14
Let h(l) = 2*l + 498. Let s be h(0). Suppose -3*p = 42 + s. Let r be p*(-7)/(175/10). Calculate the highest common factor of 9 and r.
9
Suppose 2*i + 276 + 84 = -4*j, -5*i = 4*j + 348. Let x(b) = 3*b**2 - 8*b + 12. Let n be x(8). Let q = n + j. Calculate the highest common divisor of 16 and q.
16
Let z(k) = 14*k**2 + 2. Let x be z(-2). Let a = -148028 - -148666. Calculate the highest common divisor of x and a.
58
Let a = 6114 - 5980. Calculate the highest common factor of a and 1541.
67
Suppose 4*o - 3*o + 39 = 2*r, 5*r + 2*o = 102. Let q be (-15)/(-2)*(102/18 + -3). Calculate the greatest common factor of r and q.
20
Suppose -82 + 88 = l. Suppose -b + 5*t = -l, 0 = 3*b - 5*b - 2*t + 60. What is the greatest common factor of b and 26?
26
Let w(o) = -o**3 + 22*o**2 - 91*o - 122. Let d be w(11). What is the highest common factor of d and 338?
26
Suppose q - 253 = 4*m, -33*m + 29*m + 1265 = 5*q. What is the greatest common divisor of 99 and q?
11
Let a(w) = w**3 - 11*w**2 + 38*w - 7. Let s be a(6). Suppose 50 = y + s. Calculate the highest common divisor of 288 and y.
9
Let t(q) = -7*q + 245. Let b be t(29). Let f be ((-70)/b)/(1/(-267)). Calculate the greatest common factor of 5 and f.
5
Let x(t) = 4*t - 37 - 2*t - 75 + t - 8*t. Let r be x(-28). What is the highest common divisor of r and 84?
28
Suppose -p + 13429 = 48*z - 50*z, -3*p - 4*z + 40287 = 0. Calculate the greatest common divisor of p and 13.
13
Suppose -5*z = 4*f - 11253 - 5016, 0 = 2*f - 3*z - 8107. What is the greatest common divisor of f and 31?
31
Let r = 109 - 125. Let o = 31 + r. Calculate the highest common factor of o and 30.
15
Let s(i) = -i**2 + 30*i - 3. Let c be s(13). Let l = c + -147. Suppose 5*x - l = 9. Calculate the highest common divisor of x and 112.
16
Let m be 2 + 63*1*3/9. Suppose -m = -4*s + 3*s + 5*p, -s = -p - 7. Let u be 203 + (2 - s) + 5. Calculate the greatest common divisor of 23 and u.
23
Let h = 443 - 166. Let u = 529 - h. Let r be u/24*(1 - 2/(-6)). Calculate the greatest common factor of 28 and r.
14
Let v(g) = 22 + 7*g - 10*g**2 - 10 - g**3 - 18*g - 6*g. Let a be v(-9). Let t(q) = 20*q + 1. Let x be t(1). Calculate the greatest common divisor of x and a.
21
Suppose -t + 3*j = -14, -26 = -4*t + 3*t - 3*j. Suppose t*w - 58 = 82. Suppose 0 = -3*c + 8*c - 175. What is the greatest common factor of w and c?
7
Let w be ((-216)/45)/(51/(-170))*14. What is the highest common factor of 5208 and w?
56
Suppose -2*c - 1620 = -4*p, -2*p - 4*c + 423 = -397. What is the highest common divisor of p and 290?
58
Let n be 8946/5*1265/506. Calculate the greatest common divisor of n and 35.
7
Let w(x) = -x**3 + 6*x**2 + 2*x - 14. Let b be w(6). Let l be (-3 - -3)/(b + 4). Let a = 12 - l. What is the highest common divisor of a and 132?
12
Suppose 21*r - 23*r = -28. Suppose -3*j + 78 = -2*z, j + 0*z - 27 = z. Let a = j - r. Calculate the greatest common divisor of a and 20.
10
Let m(n) = n**2 - 9*n - 2. Let h be m(10). Suppose 0 = l - 3*k + h*k - 46, 2*l - 82 = -5*k. Calculate the greatest common divisor of 108 and l.
36
Let v(l) = 2*l**3 - 3*l**2 + 2*l - 3. Suppose 10*j = 16*j - 12. Let x be v(j). Let f be 2 + (2/x)/(2/220). What is the greatest common factor of f and 92?
46
Suppose 0 = 5*a - 9*a - 32. Let b be (a/2)/(14/308). Let j = b - -92. Calculate the highest common divisor of 4 and j.
4
Let i(a) be the second derivative of a**4/6 - 15*a**3/2 + 29*a**2/2 - 10*a + 2. Let g be i(23). Calculate the highest common divisor of 169 and g.
13
Suppose 0 = -9*x + 10*x. Suppose x = -3*m + 12 + 12. Let v = m + 7. Calculate the highest common divisor of v and 10.
5
Let t(d) = 2*d**3 - 39*d**2 + 42*d - 76. Let p be t(19). Calculate the highest common factor of p and 209.
19
Suppose -14*z + 3*z = 13*z - 75624. Calculate the highest common factor of 274 and z.
137
Let m be (-2)/(-7) + (-477)/(-21). Let u = -146 + 148. Suppose -u*d + m = o, -28 = 5*d - 4*o - 92. Calculate the highest common divisor of 18 and d.
6
Let b = -48667 + 48781. Suppose 19 = 4*d - 5. Calculate the greatest common divisor of d and b.
6
Let t be 2/(5 - (-1295)/(-260)). Suppose t = z + v, -5*z + 416 = -z + 3*v. Let w be (-6)/4*z/(-39). Calculate the highest common divisor of w and 20.
4
Suppose -3754 = -37*r + 4571. What is the highest common factor of 1935 and r?
45
Let i be ((-25388125)/(-42))/125 - (-2)/12. What is the highest common factor of i and 156?
156
Suppose 0 = -10*d - 24*d + 1938. Let b be (-4 + 0)*39/4. Let f = b + d. Calculate the greatest common factor of f and 18.
18
Let p be (-1009 - 3)*(-6)/12. What is the highest common divisor of p and 23?
23
Let o = -83 + 215. Let d = -330 + 342. What is the highest common divisor of d and o?
12
Suppose 36*x + 562*x = -10892 + 27038. Calculate the greatest common divisor of 142 and x.
1
Suppose -6*d + 1293 = 5*l - 5*d, -3*l + 3*d = -765. Calculate the greatest common factor of l and 22.
2
Suppose 22234 = 13*v - 4676. Calculate the greatest common factor of v and 150.
30
Let b(n) = -3*n**2 + 2*n - 2. Let y be b(1). Let r = 15 + y. Suppose -26*a + r = -24*a. Calculate the highest common divisor of 3 and a.
3
Let q(s) = s**2 - 27*s + 109. Let v be q(11). Let a = v - -95. Let k be (2/3)/(3/378). Calculate the greatest common divisor of k and a.
28
Suppose -v = 2*f - 13127, 3*v - 19690 = 2*f + 19651. What is the greatest common divisor of v and 13?
13
Let x(u) = 27*u - 2093. Let z be x(78). Let b be -1 - (-118)/((-2)/1). Let j = -34 - b. Calculate the greatest common factor of z and j.
13
Suppose -39 = -o + 5*r - 12, 36 = 2*o - 4*r. Let q = 142 - 34. Calculate the greatest common factor of q and o.
12
Suppose 5*w + 4*i = 144, -4*i = -w - 3*i + 27. Calculate the highest common factor of 2996 and w.
28
Let p(c) = -c**3 + 11*c**2 - 18*c + 154. Let n be p(9). What is the highest common divisor of 11 and n?
11
Suppose 0 = -5*j - 5*j + 40. Suppose 0 = j*d - 3*h - 8, 4*d = -5*h + 9 - 1. Suppose d*y + 336 = 5*y. What is the highest common divisor of y and 14?
14
Suppose -12*w = -5*f - 9*w + 200, -4*f + 160 = 3*w. Calculate the greatest common divisor of f and 1500.
20
Let u be 16/(-44)*8294/(-52). Let d be 12 + -6 - 4/(-2). Let s(m) = 12*m - 9. Let y be s(d). Calculate the greatest common divisor of y and u.
29
Suppose 3*j + 417 = 3*y, y - 73 - 66 = 3*j. Let u = y + -39. What is the highest common factor of u and 10?
10
Let c be (277 - (124/(-14) + (-66)/(-77))) + 0. Calculate the greatest common divisor of c and 315.
15
Suppose 188*m - 17*m - 13167 = 0. What is the greatest common divisor of 517 and m?
11
Let c be 4/14 - 26/(-7). Let d be 0/((-5)/(15/(-6))). Suppose -4*g - c*w - w + 75 = d, -5*g - 3*w = -110. What is the highest common factor of 275 and g?
25
Let u be -56*(385/(-616))/(3 - (1 - -1)). Suppose -2*v = v - 60. What is the highest common factor of v and u?
5
Suppose 42*u = 84711 - 7893. What is the highest common divisor of u and 124?
31
Let i(t) = 308*t - 682. Let x be i(4). Calculate the highest common divisor of x and 4180.
110
Let k(m) = m**3 + 15*m**2 - 11*m + 21. Let s be (-7 - 7) + 0 + -2. Let a be k(s). Let p = 91 + a. What is the greatest common factor of 96 and p?
32
Let t(g) = -g**2 + 4*g + 11. Let p be t(5). Let u = 914 + -914. Suppose q = -8*x + p*x + 68, -4*x - 16 = u. Calculate the greatest common divisor of q and 19.
19
Suppose 15*b + 6498 - 5954 = 14734. Calculate the greatest common divisor of 638 and b.
22
Let n = 7 + -22. Let k(o) = -14*o**2 + 11*o + o**3 + 4*o**3 - 4*o**3 - 21 - 2*o**3. Let y be k(n). Calculate the greatest common factor of 13 and y.
13
Suppose -5*m - 10 = 0, 653 = -